
104
Let z(r) = 156*r + 468. Calculate z(-3).
0
Let t(j) = -j**2 - 63*j - 811. Calculate t(-35).
169
Let c(p) = 353*p - 1. Give c(0).
-1
Let p(i) = -i**2 - 115*i - 546. Calculate p(-5).
4
Let b(v) = 8*v**3 - 9*v**2 - 13*v - 5. Give b(-1).
-9
Let d(g) = -g**3 + 21*g**2 + 491*g - 33. Determine d(35).
2
Let i(b) = 9*b**2 - 9*b + 21. What is i(7)?
399
Let w(g) = 3*g + 157. Determine w(-38).
43
Let s(g) = g**3 + 45*g**2 + 9*g + 324. What is s(-45)?
-81
Let q(f) = 52*f**2 + 2*f + 6. What is q(-2)?
210
Let r(k) = -k**3 + 25*k**2 - 98. What is r(0)?
-98
Let m(i) = 37*i**2 + 13*i + 42. Give m(-3).
336
Let q(g) = 160*g**2 - 139*g - 8. Give q(1).
13
Let w(i) = -43*i - 151. Determine w(-5).
64
Let r(t) = -12*t + 240. Determine r(31).
-132
Let p(l) = -29*l**3 - l**2 + 24*l + 6. What is p(0)?
6
Let l(z) = -2*z**3 + 148*z**2 + 3*z - 193. Determine l(74).
29
Let t(n) = -3499*n - 27997. What is t(-8)?
-5
Let i(s) = -2*s**3 - 22*s**2 + 43*s - 102. Determine i(-13).
15
Let v(b) = 1685*b. Calculate v(0).
0
Let m(s) = 4*s**2 + 183*s + 114. What is m(-48)?
546
Let y(a) = 796*a + 873. Calculate y(-1).
77
Let j(l) = -59*l + 2122. What is j(36)?
-2
Let x(i) = -53*i - 122. Give x(-6).
196
Let t(v) = 294*v - 27330. Give t(93).
12
Let p(i) = -14*i - 274. What is p(-21)?
20
Let f(n) = 7*n**2 - 15*n - 6. Calculate f(-1).
16
Let a(x) = -2*x**2 + 4*x + 7. Calculate a(0).
7
Let j(p) = 74*p - 2099. What is j(28)?
-27
Let q(u) = -u**2 - 35*u + 229. Give q(7).
-65
Let p(s) = 2*s - 130. Determine p(45).
-40
Let m(i) = -88*i - 3865. Give m(-44).
7
Let w(u) = -u**3 + 10*u**2 - 99. Calculate w(0).
-99
Let a(s) = -98*s**2 + 10*s + 8. Calculate a(-1).
-100
Let j(b) = -b**2 + 6*b - 100. Give j(7).
-107
Let y(x) = 10*x**2 + 57*x - 11. What is y(-6)?
7
Let y(k) = -945*k + 6662. Calculate y(7).
47
Let c(k) = -25*k - 205. Give c(-9).
20
Let k(u) = -2*u**3 + 63*u**2 - 123*u + 1055. Give k(30).
65
Let o(y) = -4*y**2 + 257*y + 525. Calculate o(-2).
-5
Let y(i) = -26*i - 2142. Determine y(-83).
16
Let p(s) = 44*s**3 + 3*s**2 - 7*s + 9. Determine p(2).
359
Let k(y) = 10*y**2 - 74*y + 14. Determine k(7).
-14
Let o(z) = z**3 + 7*z**2 + 10525*z + 63106. Give o(-6).
-8
Let f(d) = -7*d + 129. What is f(-9)?
192
Let v(t) = 91*t + 6. Determine v(4).
370
Let i(c) = c**2 + 53*c - 61. Give i(8).
427
Let q(d) = 10*d**3 + 49*d**2 - 15*d - 43. What is q(-5)?
7
Let l(d) = 126*d + 4530. Determine l(-36).
-6
Let v(g) = 2*g**3 + 8*g**2 + 8*g. What is v(-5)?
-90
Let o(y) = 53*y + 1330. Calculate o(-18).
376
Let f(j) = j**3 - 9*j**2 + 11*j - 25. What is f(6)?
-67
Let u(h) = h**3 + 13*h**2 + 20*h - 31. Determine u(-9).
113
Let a(q) = 11*q - 262. Give a(19).
-53
Let i(k) = -k**3 - 15*k**2 - 35*k + 21. Give i(-12).
9
Let z(h) = 129*h + 393. Give z(-3).
6
Let w(d) = -d**2 - 152*d - 176. What is w(0)?
-176
Let b(x) = -24*x - 751. Calculate b(-25).
-151
Let p(v) = 17038*v + 187417. What is p(-11)?
-1
Let u(y) = 2*y**3 + 25*y**2 + 15. Give u(-13).
-154
Let c(b) = b**2 + 674*b + 2706. Calculate c(-4).
26
Let a(u) = -2*u**2 + 126*u - 366. Give a(60).
-6
Let u(v) = 4*v**2 + 29*v + 3. Calculate u(-10).
113
Let r(b) = -2*b**3 + 17*b**2 + 42*b - 248. Determine r(9).
49
Let u(m) = 5*m**2 - 90*m - 158. Give u(19).
-63
Let y(a) = 190*a + 746. Give y(-4).
-14
Let v(o) = 83*o + 497. Calculate v(-6).
-1
Let p(z) = -1057*z + 91962. Give p(87).
3
Let m(p) = 668*p - 135593. Calculate m(203).
11
Let l(z) = 4*z**3 - 2*z**2 - z + 1. What is l(1)?
2
Let o(s) = -s**3 - 21*s**2 - 16*s - 34. Calculate o(-21).
302
Let o(h) = 43*h**3 - 2065*h**2 + 47*h + 41. Calculate o(48).
-7
Let i(y) = 3*y**2 - 36*y - 2. Determine i(11).
-35
Let g(s) = -28*s + 456. Calculate g(17).
-20
Let j(a) = 73*a**2 + 2118*a - 17. Calculate j(-29).
-46
Let a(w) = -w**3 + 3*w**2 + 22*w - 20. Give a(6).
4
Let j(t) = t**3 - t**2 - 10*t - 51. Calculate j(5).
-1
Let x(b) = -2*b**2 + 700*b - 5470. Give x(8).
2
Let n(p) = p**3 - 4*p**2 - 24*p - 123. Calculate n(-7).
-494
Let k(r) = -3*r**2 + 329*r - 580. Determine k(108).
-40
Let j(i) = -23*i**2 - 2075*i - 2074. What is j(-1)?
-22
Let m(i) = 2*i**3 - 60*i**2 - 45*i - 536. What is m(31)?
-9
Let q(m) = -m**3 - 31*m**2 - 104*m + 93. What is q(-27)?
-15
Let n(k) = 28*k**3 + k**2 + 7*k - 11. Calculate n(2).
231
Let y(w) = 3*w**3 - 104*w**2 + 68*w + 21. Give y(34).
21
Let m(q) = -188*q - 1012. Give m(-5).
-72
Let c(i) = -i**2 - 220*i + 474. Calculate c(-222).
30
Let k(c) = -c**3 - 225*c**2 - 1321*c - 1531. Calculate k(-219).
2
Let v(b) = -b**3 + 6*b**2 - 14*b + 258. Determine v(8).
18
Let w(g) = -2*g**2 - 244*g - 1387. Determine w(-6).
5
Let z(c) = -c**2 - 90*c - 1953. What is z(-38)?
23
Let k(d) = -d**2 + 170*d + 1250. Give k(177).
11
Let u(w) = w**2 + 226*w + 5034. What is u(-201)?
9
Let g(v) = 27*v + 4944. Give g(-184).
-24
Let a(y) = -4*y**3 + 25*y**2 + 19*y - 152. Calculate a(6).
-2
Let w(d) = -49*d - 561. Give w(-11).
-22
Let k(z) = 566*z + 9130. What is k(-16)?
74
Let j(u) = 7*u**2 - 135*u + 58. Calculate j(19).
20
Let y(u) = -2*u**2 - 17*u + 101. What is y(-16)?
-139
Let f(h) = -2*h - 44. Calculate f(-24).
4
Let s(q) = -q**3 + 3*q**2 + 4*q - 31. Determine s(4).
-31
Let b(s) = 2*s**2 + 30*s + 167. Determine b(-8).
55
Let w(b) = -44*b - 631. Determine w(-16).
73
Let t(o) = 2*o**2 + 15*o - 36. Determine t(-9).
-9
Let v(o) = -2*o**2 - 210*o + 4138. Calculate v(17).
-10
Let m(o) = o**2 - 64*o + 1024. Calculate m(29).
9
Let w(y) = -50*y**3 + y**2 + 3*y + 2. What is w(-1)?
50
Let z(a) = a**3 + 272*a**2 - 3407*a + 1. What is z(12)?
13
Let t(u) = -757*u - 6059. What is t(-8)?
-3
Let z(i) = -8*i**3 - 62*i**2 - 49*i - 38. Determine z(-7).
11
Let q(w) = 60*w + 5. Calculate q(-1).
-55
Let w(u) = -890*u + 27586. What is w(31)?
-4
Let a(h) = -3*h**2 + 122*h - 925. What is a(8)?
-141
Let y(b) = 16*b - 140. Calculate y(9).
4
Let u(n) = -100*n - 883. What is u(-9)?
17
Let v(b) = 54*b - 1451. Determine v(23).
-209
Let p(d) = -2184*d - 26226. Give p(-12).
-18
Let o(y) = -2*y**2 - 49*y + 327. What is o(-29)?
66
Let y(g) = g**2 + 2*g - 68. What is y(-11)?
31
Let s(r) = -2*r + 29. Give s(18).
-7
Let z(p) = 340*p - 6476. Determine z(19).
-16
Let d(k) = -32*k**2 + 131*k + 397. Determine d(-3).
-284
Let u(o) = 8*o**2 - 301*o + 756. Determine u(35).
21
Let z(w) = 5*w - 117. Give z(12).
-57
Let i(c) = 2*c**2 + 3221*c - 48760. Determine i(15).
5
Let k(b) = 9*b**2 + 12*b - 19. Calculate k(2).
41
Let z(j) = 6*j**2 + 23*j - 10. Give z(-4).
-6
Let w(f) = -46*f**2 + 9*f - 18. What is w(2)?
-184
Let j(g) = -g**2 + 55*g - 755. Calculate j(26).
-1
Let o(y) = 5*y**2 + 377*y + 6532. What is o(-27)?
-2
Let n(p) = 150*p - 1649. Give n(11).
1
Let f(x) = 2*x**2 - 149*x + 2024. Give f(18).
-10
Let c(b) = -10*b**2 - 17*b - 15. Determine c(-1).
-8
Let y(c) = -2*c**3 - 393*c**2 - 189*c + 1362. Determine y(-196).
-10
Let t(f) = f**2 + 56*f + 399. Calculate t(-35).
-336
Let l(o) = -6*o**2 - 13*o - 174. Calculate l(-7).
-377
Let l(p) = 4*p - 127. Give l(-20).
-207
Let o(t) = t**3 - 16*t**2 - 225*t + 39. What is o(25)?
39
Let o(u) = 3*u**3 - 9*u**2 + 41*u - 101. What is o(3)?
22
Let b(o) = 70*o - 44. Give b(0).
-44
Let c(f) = 12*f**2 + 62*f + 11. What is c(-5)?
1
Let k(j) = 333*j - 43. What is k(0)?
-43
Let z(n) = -8*n**2 + 44*n + 23. What is z(6)?
-1
Let l(k) = -274*k**2 - 10*k - 8. Determine l(-1).
-272
Let v(h) = -h**3 - 10*h**2 + 54*h + 11. Determine v(-13).
-184
Let u(c) = -18*c**2 + 1613*c + 2279. Determine u(91).
4
Let d(s) = 151*s - 498. What is d(2)?
-196
Let f(w) = 2*w**3 - 3*w**2 + 6*w - 20. What is f(3)?
25
Let o(w) = -45*w + 367. Determine o(8).
7
Let q(v) = 568*v - 10861. Give q(19).
-69
Let t(n) = -n**3 + 86*n**2 - 822*n - 230. Calculate t(75).
-5
Let b(n) = n**2 + 44*n + 323. Determine b(-35).
8
Let h(z) = 6*z**2 + 40*z + 246. Determine h(-7).
260
Let g(b) = -2*b**2 + 156*b + 4. Calculate g(78).
4
Let t(c) = -c**3 - 12*c**2 + 20*c + 63. Determine t(-10).
-337
Let s(b) = 434*b - 2156. Calculate s(5).
14
Let m(h) = -20*h + 1860. Give m(94).
-20
Let m(y) = -y**3 - 131*y**2 + 2034*y + 4. Calculate m(14).
60
Let k(o) = -3*o**3 + 53*o**2 + 19*o - 15. Give k(18).
3
Let k(l) = 3*l**2 - 176*l - 248. What is k(60)?
-8
Let o(m) = m**2 + 356*m + 1422. Give o(-4).
14
Let g(t) = -6*t**2 + 4*t - 3. What is g(-1)?
-13
Let g(f) = -9*f**2 + 45*f - 22. Give g(5).
-22
Let 